 = -5*v. What is the tens digit of v?
4
Suppose 9*c = 4*c + 350. What is the tens digit of c?
7
Let h = 122 - -59. What is the hundreds digit of h?
1
Suppose -2*y = -y - 10. Let d = y - 20. Let a = -6 - d. What is the units digit of a?
4
Let z = 15 + -9. Suppose 2*n - 4*n - z = s, -5*n = 20. Suppose -2*c + 22 = -s*a, -3*a = -5*a - 8. What is the units digit of c?
7
Let o = -53 + 14. What is the units digit of (-14 + o)*(0 - 1)?
3
Suppose p + 4*f = -52, 0*f + f - 140 = 4*p. What is the units digit of (-24)/p - (-212)/6?
6
Let t = 96 + -68. What is the units digit of t?
8
Let g(j) be the third derivative of -1/120*j**6 + 0 + 1/24*j**4 + 7/60*j**5 - 1/2*j**3 + 0*j + 3*j**2. What is the units digit of g(7)?
4
Let t = 2 + 0. Suppose -5*d - 2 = -3*l, -4*d - l + t + 10 = 0. What is the units digit of d?
2
Suppose -3*i - 4*z = 48, 0*z - 5*z = 15. What is the units digit of (8/i)/(2/(-3))?
1
Let d(y) = y**3 - 3*y**2 - 2*y - 4. Let u be d(4). What is the units digit of -2 - -40 - (-1 + u)?
5
What is the units digit of 1 - 2/(8/(-12))?
4
Let c(h) = h**2 - 5*h - 1. Suppose 3*f = -8*o + 3*o + 29, 0 = -3*o + 5*f - 3. Let w be c(o). What is the units digit of 12/w*(-10)/3?
8
Suppose 0 = v - 2*y + 2, 3*y - 45 = 3*v + 2*v. Let a = -6 - v. What is the units digit of a?
6
Let l be (-9 - -7)*(-1 - 3). Let m = -6 + l. Suppose -4*o = 2*g - 20, o + 1 + 9 = m*g. What is the units digit of g?
6
Let o = -13 - -9. Let a = o - -8. Suppose 5*f = 36 + a. What is the units digit of f?
8
Let d = 209 + -139. What is the units digit of d?
0
Let b = -78 - -115. Suppose 23 = 4*a - b. What is the units digit of -1 - (-3)/(9/a)?
4
Suppose -3*s + 23 + 118 = 0. Let a = s - 31. Suppose 4*z + a = 6*z. What is the units digit of z?
8
Let p be (-56)/(-40) - (-3)/5. Let s(r) = r**2. What is the units digit of s(p)?
4
Let h = 160 + 74. What is the units digit of h?
4
Suppose 0 = 18*h - 22*h + 320. What is the units digit of h?
0
Let r = -39 + 118. Suppose 4*h = 53 + r. What is the tens digit of h?
3
Let p be 2 + -2 + 13 - -2. What is the units digit of ((-27)/p)/(3/(-10))?
6
What is the units digit of 2/((11/(-12))/(-11))?
4
What is the tens digit of (-6)/18 + (-345)/(-9)?
3
Let y = -179 + 312. What is the tens digit of y?
3
Suppose -40 = 3*c + c. Let q = -2 - c. Suppose -1 = -k + q. What is the units digit of k?
9
Suppose 0 = -3*l - 2*n + 22, -2 + 0 = -n. What is the units digit of l?
6
Suppose 5*j - 9 = -4*o, 3*o + 6 = 4*o + 5*j. Let g be (-2)/(-4)*(o - -1). What is the units digit of -3*g - (-10 + -1)?
8
Suppose -10*a + 6*a + 92 = 0. Let d be 39 + 6/(-2) + 2. Let h = d - a. What is the tens digit of h?
1
Suppose w = -4*c - 17, 0*c + 5*c + 25 = 0. Suppose w*t - 31 = 32. Let v = -3 + t. What is the units digit of v?
8
Let t(s) = -34*s + 3. What is the hundreds digit of t(-3)?
1
Let s = 114 + -55. What is the tens digit of s?
5
Suppose -v + 99 + 39 = 0. What is the units digit of v?
8
Let l(y) = -4*y - 4 + 10 + 3*y. Let j be l(-6). Suppose -3*r = r - j. What is the units digit of r?
3
What is the units digit of 27*(1 - -3)/4?
7
Let z = -22 - -15. Let v(a) = -2*a + 2. What is the units digit of v(z)?
6
Let h = 43 - -94. What is the units digit of h?
7
Let z = -312 + 526. What is the hundreds digit of z?
2
Let n be (12/(-8))/(2/(-8)). Let s(t) = t - 4. What is the units digit of s(n)?
2
Suppose 3*c + 2*x = 303, -c - x = 4*x - 88. What is the units digit of c?
3
Suppose -17 = 4*a - 137. Suppose -6*g + g + a = 0. What is the units digit of g?
6
Let y = 24 - 16. What is the units digit of y?
8
Suppose 10 = -5*y + 3*k, -7 = -3*y + 5*k + 3. Let h = y - -16. What is the tens digit of h?
1
Suppose -3*q - 4*r + 0*r = -11, -5*q - 2*r = -37. Suppose 0*w + 123 = 2*w + 5*t, -2*t + 157 = 3*w. Suppose 5*g = -q + w. What is the units digit of g?
8
What is the units digit of 314/3 - ((-28)/(-6))/7?
4
Let n = -32 + 46. What is the units digit of n?
4
Suppose h + 7 = j, 3*h + 2 = -3*j - 7. What is the units digit of (j - (-2 + 4)) + 3?
3
Let l be (27/(-15))/((-3)/10). Let x(p) be the third derivative of p**6/120 - 7*p**5/60 + 7*p**4/24 - p**3/3 - p**2. What is the units digit of x(l)?
4
Suppose 0 = 19*f - 14*f - 10. Suppose m - 104 = -2*j - j, f*j = -5*m + 78. What is the tens digit of j?
3
Suppose 8*x - 2*x = 30. What is the units digit of x?
5
Suppose 4*j + 0*j + x = 14, 0 = -4*j + 4*x + 4. Suppose -27 = -3*b - j. Let l = b - -1. What is the units digit of l?
9
Let k(y) = y**2 - 2*y + 2. Let t(j) be the first derivative of -j**3/3 + j**2/2 - j + 2. Let u(l) = -6*k(l) - 7*t(l). What is the units digit of u(-6)?
1
Let d = 92 + -37. What is the units digit of d?
5
Let r(b) = -b**2 + 12*b + 10. What is the tens digit of r(10)?
3
Let u(s) = s**2 - 1. Let b be u(-1). Suppose b*d + d = -m, 2*m - 5*d - 21 = 0. Suppose -m*f = -8*f + 45. What is the units digit of f?
9
Suppose -z = 3*z + 5*f - 49, 3*z - 4*f = 29. What is the tens digit of z?
1
Let d(x) = x**3 + 3*x**2 + 2*x + 3. Let w be d(-2). Suppose h = -w*h + 40. What is the tens digit of h?
1
Suppose -2*k = 4*x - 30, 2*x - 4*k + 39 = 7*x. Suppose 0 - x = w. Let m = w + 13. What is the units digit of m?
6
Let b = -21 + 56. What is the units digit of b?
5
Suppose -v = v, -4*w + 3*v = -8. Let c be (-2)/w + 22 + 1. Suppose -3*b = -b - c. What is the units digit of b?
1
Suppose -192 + 18 = -6*r. What is the units digit of r?
9
Let u(r) = r. Let a be u(7). Suppose -t = -a - 1. What is the units digit of t?
8
Suppose 18 = d - 2*y + 4, -4*d + 6 = 2*y. Suppose d*x - 100 = -0*x. What is the units digit of x?
5
Let c(v) = v**2 + 4*v + 20. What is the tens digit of c(7)?
9
Let w(j) = 3*j - 10. Let z be w(5). Suppose 30 = -z*n + 10*n. What is the units digit of n?
6
Suppose 3*h + 113 = 4*h - 3*a, 3*h - 284 = -2*a. What is the units digit of h?
8
Suppose -g - 5*j = -129, 0 = -3*g - 7*j + 2*j + 377. What is the units digit of g?
4
Let b = 4 - 1. Let x(g) = g**3 + g + 3. Let f be x(0). Suppose -f*l - b*y + 2 = -1, -5*y + 1 = 4*l. What is the units digit of l?
4
Suppose 4*i = 17 - 53. Let f(c) = c + 12. What is the units digit of f(i)?
3
Suppose -2*g + 5*g = 27. What is the units digit of g?
9
Suppose -55*f + 624 = -51*f. What is the units digit of f?
6
Let l = -90 - -175. What is the tens digit of l?
8
Let m(j) = j + 13. Let r be m(-9). Suppose 0 = 3*q - q + r. What is the tens digit of 1/q + 116/8?
1
Let v(h) = 2*h - 9. Let w be v(7). Suppose 2*s + 4 = 2*l - s, -w*s - 12 = -4*l. Suppose 14 = 5*p - j, -4*p + 2*j = -2*j - l. What is the units digit of p?
3
Suppose 2*s = -2*s + 24. Let b be 1/s + 46/12. Suppose 5*y - 5*f - 20 = -b*f, -2*y = -4*f + 10. What is the units digit of y?
5
Suppose 0 = 8*f - 11*f + 240. What is the tens digit of f?
8
Let i(z) = 22*z**2 - 4*z - 10. What is the tens digit of i(-3)?
0
Let f(b) = b**2 - 7*b + 4. Let u be f(7). Suppose 4*r = u + 8. What is the units digit of r?
3
What is the tens digit of 0 + (17 - (-1 - -4))?
1
Let q(l) = 18*l**3 + l**2 - 2*l + 1. Let x be q(1). Let n = 17 + -24. Let h = n + x. What is the tens digit of h?
1
Let b(w) = w - 4. Let u be b(-5). Let d = -13 - u. Let q = d - -6. What is the units digit of q?
2
Let o be (0 + 5 - 3) + -46. Let h = o - -63. What is the units digit of h?
9
What is the tens digit of 506/10 - (-6)/(-10)?
5
Suppose i - 5*f + 26 = 0, 3*i - 5*f = -i - 44. Let a(m) = 3 - 4*m**2 + 5*m - m**2 + 6*m**2. What is the units digit of a(i)?
9
Let v be (-6)/(-27) + (-22)/18. Let q(t) = -14*t**3 - t**2. What is the tens digit of q(v)?
1
Suppose -6 = -2*k + 10. Suppose 73 = 3*h - k. What is the tens digit of h?
2
Let o = 18 - 14. Suppose 0 = -4*c - o*f + 112, -18 = 3*c - 5*f - 94. What is the units digit of c?
7
Let v be 15/5*(1 - -2). What is the tens digit of 129*(-1 - (-12)/v)?
4
Suppose 0*a = -t + a + 100, -302 = -3*t + 5*a. What is the tens digit of t?
9
What is the units digit of -2*15*10/(-15)?
0
Suppose 35 = w - 5*i, 4 = -w - 3*i + 23. What is the units digit of w?
5
Suppose 59 - 23 = 4*s. Suppose 0 = 4*j - 2*p - 30, 5*j - 48 = -4*p + s. What is the units digit of j?
9
Let n(r) = -r**3 - 3*r**2 + 5*r + 4. Suppose 18 = -5*c - 2. Let z be n(c). Suppose z = -4*h - 12, 5*u - 11 = h + 57. What is the tens digit of u?
1
Let h = 105 - 1. What is the tens digit of h?
0
Suppose 3*m = -n - m - 17, 2*n = -4*m - 14